{"id":6245,"date":"2024-01-08T12:24:17","date_gmt":"2024-01-08T11:24:17","guid":{"rendered":"https:\/\/www.opcf.it\/?post_type=product&#038;p=6245"},"modified":"2024-01-31T11:35:59","modified_gmt":"2024-01-31T10:35:59","slug":"cavoli-verza","status":"publish","type":"product","link":"https:\/\/www.opcf.it\/index.php\/product\/cavoli-verza\/","title":{"rendered":"Cavolo verza"},"content":{"rendered":"<h4><strong>Questo prodotto e&#8217; disponibile nei seguenti mesi:<\/strong><\/h4>\n<h4>gennaio &#8211; febbraio &#8211; marzo &#8211; aprile &#8211; novembre &#8211; dicembre<\/h4>\n","protected":false},"excerpt":{"rendered":"<p>La verza \u00e8 una variet\u00e0 di cavolo con foglie dalla consistenza croccante e dal colore verde intenso. Il suo sapore \u00e8 dolce e leggermente amarognolo, con una consistenza pi\u00f9 tenera rispetto ad altri cavoli. \u00c8 una buona fonte di vitamina C, vitamina K, folati, potassio e fibre. La verza \u00e8 versatile in cucina e pu\u00f2 essere utilizzata in molte preparazioni, tra cui insalate, minestre, sformati, oppure saltata in padella con altre verdure.<\/p>\n","protected":false},"featured_media":6474,"menu_order":0,"comment_status":"closed","ping_status":"closed","template":"","meta":[],"product_cat":[47],"product_tag":[],"_links":{"self":[{"href":"https:\/\/www.opcf.it\/index.php\/wp-json\/wp\/v2\/product\/6245"}],"collection":[{"href":"https:\/\/www.opcf.it\/index.php\/wp-json\/wp\/v2\/product"}],"about":[{"href":"https:\/\/www.opcf.it\/index.php\/wp-json\/wp\/v2\/types\/product"}],"replies":[{"embeddable":true,"href":"https:\/\/www.opcf.it\/index.php\/wp-json\/wp\/v2\/comments?post=6245"}],"wp:featuredmedia":[{"embeddable":true,"href":"https:\/\/www.opcf.it\/index.php\/wp-json\/wp\/v2\/media\/6474"}],"wp:attachment":[{"href":"https:\/\/www.opcf.it\/index.php\/wp-json\/wp\/v2\/media?parent=6245"}],"wp:term":[{"taxonomy":"product_cat","embeddable":true,"href":"https:\/\/www.opcf.it\/index.php\/wp-json\/wp\/v2\/product_cat?post=6245"},{"taxonomy":"product_tag","embeddable":true,"href":"https:\/\/www.opcf.it\/index.php\/wp-json\/wp\/v2\/product_tag?post=6245"}],"curies":[{"name":"wp","href":"https:\/\/api.w.org\/{rel}","templated":true}]}}

<p>La verza è una varietà di cavolo con foglie dalla consistenza croccante e dal colore verde intenso. Il suo sapore è dolce e leggermente amarognolo, con una consistenza più tenera rispetto ad altri cavoli. È una buona fonte di vitamina C, vitamina K, folati, potassio e fibre. La verza è versatile in cucina e può essere utilizzata in molte preparazioni, tra cui insalate, minestre, sformati, oppure saltata in padella con altre verdure.</p>
