{"id":2697,"date":"2021-05-31T11:19:59","date_gmt":"2021-05-31T11:19:59","guid":{"rendered":"https:\/\/bottanika.qodeinteractive.com\/?page_id=2697"},"modified":"2024-02-06T11:18:27","modified_gmt":"2024-02-06T10:18:27","slug":"chi-siamo","status":"publish","type":"page","link":"https:\/\/www.opcf.it\/index.php\/chi-siamo\/","title":{"rendered":"Chi Siamo"},"content":{"rendered":"\t\t<div data-elementor-type=\"wp-page\" data-elementor-id=\"2697\" class=\"elementor elementor-2697\">\n\t\t\t\t\t\t<section class=\"elementor-section elementor-top-section elementor-element elementor-element-d38769a qodef-elementor-content-grid elementor-section-boxed elementor-section-height-default elementor-section-height-default\" data-id=\"d38769a\" data-element_type=\"section\">\n\t\t\t\t\t\t<div class=\"elementor-container elementor-column-gap-default\">\n\t\t\t\t\t<div class=\"elementor-column elementor-col-100 elementor-top-column elementor-element elementor-element-01f61d8\" data-id=\"01f61d8\" data-element_type=\"column\">\n\t\t\t<div class=\"elementor-widget-wrap elementor-element-populated\">\n\t\t\t\t\t\t<div class=\"elementor-element elementor-element-750a794 elementor-widget elementor-widget-bottanika_core_section_title\" data-id=\"750a794\" data-element_type=\"widget\" data-widget_type=\"bottanika_core_section_title.default\">\n\t\t\t\t<div class=\"elementor-widget-container\">\n\t\t\t<div class=\"qodef-shortcode qodef-m  qodef-section-title qodef-alignment--center\">\n\t\t<span class=\"qodef-m-tagline\" style=\"margin-bottom: 8px\">OPCF - PRODUTTORI CAMPANIA FELIX<\/span>\n\t\t<h3 class=\"qodef-m-title\" >\n\t\t\t\t\tCHI SIAMO\t\t\t<\/h3>\n\t\t<\/div>\n\t\t<\/div>\n\t\t\t\t<\/div>\n\t\t\t\t\t<\/div>\n\t\t<\/div>\n\t\t\t\t\t<\/div>\n\t\t<\/section>\n\t\t\t\t<section class=\"elementor-section elementor-top-section elementor-element elementor-element-475d6c58 elementor-section-full_width elementor-section-height-default elementor-section-height-default qodef-elementor-content-no\" data-id=\"475d6c58\" data-element_type=\"section\">\n\t\t\t\t\t\t<div class=\"elementor-container elementor-column-gap-default\">\n\t\t\t\t\t<div class=\"elementor-column elementor-col-50 elementor-top-column elementor-element elementor-element-5b056721\" data-id=\"5b056721\" data-element_type=\"column\">\n\t\t\t<div class=\"elementor-widget-wrap elementor-element-populated\">\n\t\t\t\t\t\t<div class=\"elementor-element elementor-element-133e3f22 elementor-widget elementor-widget-bottanika_core_single_image\" data-id=\"133e3f22\" data-element_type=\"widget\" data-widget_type=\"bottanika_core_single_image.default\">\n\t\t\t\t<div class=\"elementor-widget-container\">\n\t\t\t<div class=\"qodef-shortcode qodef-m  qodef-single-image qodef-layout--default qodef-appear-animation--yes qodef-animation-direction--right qodef-parallax-animation--no\" data-distance=\"50\" data-smoothness=\"60\">\n\t<div class=\"qodef-m-image\">\n\t\t\t<img fetchpriority=\"high\" decoding=\"async\" width=\"3000\" height=\"2000\" src=\"https:\/\/www.opcf.it\/wp-content\/uploads\/2023\/12\/2N8A2175-pc.jpg\" class=\"attachment-full size-full\" alt=\"\" \/>\t<\/div>\n<\/div>\n\t\t<\/div>\n\t\t\t\t<\/div>\n\t\t\t\t\t<\/div>\n\t\t<\/div>\n\t\t\t\t<div class=\"elementor-column elementor-col-50 elementor-top-column elementor-element elementor-element-74dd241\" data-id=\"74dd241\" data-element_type=\"column\">\n\t\t\t<div class=\"elementor-widget-wrap elementor-element-populated\">\n\t\t\t\t\t\t<div class=\"elementor-element elementor-element-694b1df elementor-widget__width-initial elementor-widget-tablet__width-inherit elementor-widget elementor-widget-bottanika_core_section_title\" data-id=\"694b1df\" data-element_type=\"widget\" data-widget_type=\"bottanika_core_section_title.default\">\n\t\t\t\t<div class=\"elementor-widget-container\">\n\t\t\t<div class=\"qodef-shortcode qodef-m  qodef-section-title qodef-alignment--left\">\n\t\t\t\t\t<p class=\"qodef-m-text\" style=\"margin-top: 12px;color: #6B6B6B\">L\u2019Organizzazione di Produttori Campania Felix \u00e8 stata costituita nell\u2019anno 2007 per iniziativa di produttori situati nell\u2019 areale dell\u2019intera Provincia di Caserta.<br><br>Dalle caratteristiche produttive e dalla tipologia dei prodotti offerti emerge che il comparto del fresco ha rappresentato il core-business; tale vocazione scaturisce dalla storia e dalla tipologia delle aziende associate costituite da famiglie di orto-frutticoltori che svolgono tale attivit\u00e0 da generazioni in un territorio riconosciuto e decantato gi\u00e0 dall\u2019antichit\u00e0 per la prelibatezza dei suoi prodotti.<br><br>Negli anni l\u2019organo direttivo ha deciso di potenziare le azioni di responsabilizzazione dei propri soci incentivandoli a fare meglio e di pi\u00f9 al fine di conseguire una maggiore qualit\u00e0 delle loro produzioni aumentando in budget di spesa destinato alle operazioni colturali (potatura e diradamento) nonch\u00e9 un\u2019attenzione particolare al monitoraggio analitico dei residui del fitofarmaci.<\/p>\n<\/div>\n\t\t<\/div>\n\t\t\t\t<\/div>\n\t\t\t\t\t<\/div>\n\t\t<\/div>\n\t\t\t\t\t<\/div>\n\t\t<\/section>\n\t\t\t\t<section class=\"elementor-section elementor-top-section elementor-element elementor-element-6e972b7 elementor-section-full_width elementor-reverse-mobile elementor-section-height-default elementor-section-height-default qodef-elementor-content-no\" data-id=\"6e972b7\" data-element_type=\"section\">\n\t\t\t\t\t\t<div class=\"elementor-container elementor-column-gap-default\">\n\t\t\t\t\t<div class=\"elementor-column elementor-col-50 elementor-top-column elementor-element elementor-element-f2b5592\" data-id=\"f2b5592\" data-element_type=\"column\">\n\t\t\t<div class=\"elementor-widget-wrap elementor-element-populated\">\n\t\t\t\t\t\t<div class=\"elementor-element elementor-element-4cf2d9b elementor-widget__width-initial elementor-widget-tablet__width-inherit elementor-widget elementor-widget-bottanika_core_section_title\" data-id=\"4cf2d9b\" data-element_type=\"widget\" data-widget_type=\"bottanika_core_section_title.default\">\n\t\t\t\t<div class=\"elementor-widget-container\">\n\t\t\t<div class=\"qodef-shortcode qodef-m  qodef-section-title qodef-alignment--left\">\n\t\t\t\t\t<p class=\"qodef-m-text\" style=\"margin-top: 12px;color: #6B6B6B\">L\u2019OP Campania Felix ha ottenuto con Decreto Dirigenziale Regionale (DRD) n.264 del 20 dicembre 2007 dalla Regione Campania, il riconoscimento ai sensi del Reg. (CE) 2200\/96 (articolo 11) per la categoria \u201ci \u2013 ortofrutticoli\u201d.<br><br>lo stesso riconoscimento, previo adeguamento secondo i parametri della nuova normativa verifica ai sensi del Reg. (CE) 1234\/07 e DM.3932 del 11\/5\/2009, \u00e8 stato riconfermato dalla Regione Campania con Decreto Regionale Direzionale n. 95 del 17\/05\/2011 per i prodotti appartenenti alle diverse categorie CN Code 07, CN Code 08.<\/p>\n<\/div>\n\t\t<\/div>\n\t\t\t\t<\/div>\n\t\t\t\t\t<\/div>\n\t\t<\/div>\n\t\t\t\t<div class=\"elementor-column elementor-col-50 elementor-top-column elementor-element elementor-element-0197742\" data-id=\"0197742\" data-element_type=\"column\">\n\t\t\t<div class=\"elementor-widget-wrap elementor-element-populated\">\n\t\t\t\t\t\t<div class=\"elementor-element elementor-element-6402801 elementor-widget elementor-widget-bottanika_core_single_image\" data-id=\"6402801\" data-element_type=\"widget\" data-widget_type=\"bottanika_core_single_image.default\">\n\t\t\t\t<div class=\"elementor-widget-container\">\n\t\t\t<div class=\"qodef-shortcode qodef-m  qodef-single-image qodef-layout--default qodef-appear-animation--yes qodef-animation-direction--right qodef-parallax-animation--no\" data-distance=\"50\" data-smoothness=\"60\">\n\t<div class=\"qodef-m-image\">\n\t\t\t<img decoding=\"async\" width=\"3000\" height=\"2000\" src=\"https:\/\/www.opcf.it\/wp-content\/uploads\/2023\/12\/2N8A2487-pc.jpg\" class=\"attachment-full size-full\" alt=\"\" \/>\t<\/div>\n<\/div>\n\t\t<\/div>\n\t\t\t\t<\/div>\n\t\t\t\t\t<\/div>\n\t\t<\/div>\n\t\t\t\t\t<\/div>\n\t\t<\/section>\n\t\t\t\t<section class=\"elementor-section elementor-top-section elementor-element elementor-element-ec6c851 elementor-section-full_width elementor-section-height-default elementor-section-height-default qodef-elementor-content-no\" data-id=\"ec6c851\" data-element_type=\"section\">\n\t\t\t\t\t\t<div class=\"elementor-container elementor-column-gap-default\">\n\t\t\t\t\t<div class=\"elementor-column elementor-col-50 elementor-top-column elementor-element elementor-element-be37572\" data-id=\"be37572\" data-element_type=\"column\">\n\t\t\t<div class=\"elementor-widget-wrap elementor-element-populated\">\n\t\t\t\t\t\t<div class=\"elementor-element elementor-element-e9eb957 elementor-widget elementor-widget-bottanika_core_single_image\" data-id=\"e9eb957\" data-element_type=\"widget\" data-widget_type=\"bottanika_core_single_image.default\">\n\t\t\t\t<div class=\"elementor-widget-container\">\n\t\t\t<div class=\"qodef-shortcode qodef-m  qodef-single-image qodef-layout--default qodef-appear-animation--yes qodef-animation-direction--right qodef-parallax-animation--no\" data-distance=\"50\" data-smoothness=\"60\">\n\t<div class=\"qodef-m-image\">\n\t\t\t<img decoding=\"async\" width=\"3000\" height=\"2000\" src=\"https:\/\/www.opcf.it\/wp-content\/uploads\/2023\/12\/2N8A8075-pc.jpg\" class=\"attachment-full size-full\" alt=\"\" \/>\t<\/div>\n<\/div>\n\t\t<\/div>\n\t\t\t\t<\/div>\n\t\t\t\t\t<\/div>\n\t\t<\/div>\n\t\t\t\t<div class=\"elementor-column elementor-col-50 elementor-top-column elementor-element elementor-element-718f29e\" data-id=\"718f29e\" data-element_type=\"column\">\n\t\t\t<div class=\"elementor-widget-wrap elementor-element-populated\">\n\t\t\t\t\t\t<div class=\"elementor-element elementor-element-3aac332 elementor-widget__width-initial elementor-widget-tablet__width-inherit elementor-widget elementor-widget-bottanika_core_section_title\" data-id=\"3aac332\" data-element_type=\"widget\" data-widget_type=\"bottanika_core_section_title.default\">\n\t\t\t\t<div class=\"elementor-widget-container\">\n\t\t\t<div class=\"qodef-shortcode qodef-m  qodef-section-title qodef-alignment--left\">\n\t\t\t\t\t<p class=\"qodef-m-text\" style=\"margin-top: 12px;color: #6B6B6B\">L\u2019Organizzazione di Produttori Campania Felix ha valorizzato negli anni la tipicit\u00e0 dell\u2019 Ortofrutta prodotta in \u201cTerra di Lavoro\u201d; territorio  conosciuto e apprezzato nell\u2019epoca romana e denominato Campania Felix per la bont\u00e0 ed abbondanza delle messi ivi prodotte.<\/p>\n<\/div>\n\t\t<\/div>\n\t\t\t\t<\/div>\n\t\t\t\t<div class=\"elementor-element elementor-element-5e2d62e elementor-widget__width-initial elementor-widget-tablet__width-inherit elementor-widget elementor-widget-bottanika_core_section_title\" data-id=\"5e2d62e\" data-element_type=\"widget\" data-widget_type=\"bottanika_core_section_title.default\">\n\t\t\t\t<div class=\"elementor-widget-container\">\n\t\t\t<div class=\"qodef-shortcode qodef-m  qodef-section-title qodef-alignment--left\">\n\t\t<span class=\"qodef-m-tagline\" style=\"margin-bottom: 8px\">L\u2019organizzazione di Produttori Campania Felix , ha offerto e continua ad offrire  produzioni di alta qualit\u00e0 sotto il profilo:<\/span>\n\t\t\t<\/div>\n\t\t<\/div>\n\t\t\t\t<\/div>\n\t\t\t\t<div class=\"elementor-element elementor-element-b3a5d03 elementor-widget elementor-widget-text-editor\" data-id=\"b3a5d03\" data-element_type=\"widget\" data-widget_type=\"text-editor.default\">\n\t\t\t\t<div class=\"elementor-widget-container\">\n\t\t\t<style>\/*! elementor - v3.19.0 - 28-02-2024 *\/\n.elementor-widget-text-editor.elementor-drop-cap-view-stacked .elementor-drop-cap{background-color:#69727d;color:#fff}.elementor-widget-text-editor.elementor-drop-cap-view-framed .elementor-drop-cap{color:#69727d;border:3px solid;background-color:transparent}.elementor-widget-text-editor:not(.elementor-drop-cap-view-default) .elementor-drop-cap{margin-top:8px}.elementor-widget-text-editor:not(.elementor-drop-cap-view-default) .elementor-drop-cap-letter{width:1em;height:1em}.elementor-widget-text-editor .elementor-drop-cap{float:left;text-align:center;line-height:1;font-size:50px}.elementor-widget-text-editor .elementor-drop-cap-letter{display:inline-block}<\/style>\t\t\t\t<ul><li>Della sicurezza igienica sanitaria<\/li><\/ul>\t\t\t\t\t\t<\/div>\n\t\t\t\t<\/div>\n\t\t\t\t<div class=\"elementor-element elementor-element-70f5c44 elementor-widget elementor-widget-text-editor\" data-id=\"70f5c44\" data-element_type=\"widget\" data-widget_type=\"text-editor.default\">\n\t\t\t\t<div class=\"elementor-widget-container\">\n\t\t\t\t\t\t\t<ul><li>Della qualit\u00e0 \u201cOrganolettica\u201d<\/li><\/ul>\t\t\t\t\t\t<\/div>\n\t\t\t\t<\/div>\n\t\t\t\t<div class=\"elementor-element elementor-element-3e46abc elementor-widget elementor-widget-text-editor\" data-id=\"3e46abc\" data-element_type=\"widget\" data-widget_type=\"text-editor.default\">\n\t\t\t\t<div class=\"elementor-widget-container\">\n\t\t\t\t\t\t\t<ul><li>Del \u201cRispetto Ambientale\u201d facendo applicare metodi di produzione agricola a basso impatto ambientale ai propri associati;<\/li><\/ul>\t\t\t\t\t\t<\/div>\n\t\t\t\t<\/div>\n\t\t\t\t<div class=\"elementor-element elementor-element-5550eb3 elementor-widget elementor-widget-text-editor\" data-id=\"5550eb3\" data-element_type=\"widget\" data-widget_type=\"text-editor.default\">\n\t\t\t\t<div class=\"elementor-widget-container\">\n\t\t\t\t\t\t\t<ul><li>Della logistica e dei servizi aggiunti alle proprie produzioni, orientati verso la soddisfazione della propria clientela<\/li><\/ul>\t\t\t\t\t\t<\/div>\n\t\t\t\t<\/div>\n\t\t\t\t<div class=\"elementor-element elementor-element-6f15ed3 elementor-widget elementor-widget-text-editor\" data-id=\"6f15ed3\" data-element_type=\"widget\" data-widget_type=\"text-editor.default\">\n\t\t\t\t<div class=\"elementor-widget-container\">\n\t\t\t\t\t\t\t<ul><li>Della valorizzazione degli elementi di tipicit\u00e0 con il territorio di produzione delle sue tradizioni e della sua cultura<\/li><\/ul>\t\t\t\t\t\t<\/div>\n\t\t\t\t<\/div>\n\t\t\t\t\t<\/div>\n\t\t<\/div>\n\t\t\t\t\t<\/div>\n\t\t<\/section>\n\t\t\t\t<section class=\"elementor-section elementor-top-section elementor-element elementor-element-0eca6c2 qodef-elementor-content-grid elementor-section-boxed elementor-section-height-default elementor-section-height-default\" data-id=\"0eca6c2\" data-element_type=\"section\">\n\t\t\t\t\t\t<div class=\"elementor-container elementor-column-gap-default\">\n\t\t\t\t\t<div class=\"elementor-column elementor-col-100 elementor-top-column elementor-element elementor-element-29beab4\" data-id=\"29beab4\" data-element_type=\"column\">\n\t\t\t<div class=\"elementor-widget-wrap elementor-element-populated\">\n\t\t\t\t\t\t<div class=\"elementor-element elementor-element-8756b34 elementor-widget elementor-widget-bottanika_core_section_title\" data-id=\"8756b34\" data-element_type=\"widget\" data-widget_type=\"bottanika_core_section_title.default\">\n\t\t\t\t<div class=\"elementor-widget-container\">\n\t\t\t<div class=\"qodef-shortcode qodef-m  qodef-section-title qodef-alignment--center\">\n\t\t<span class=\"qodef-m-tagline\" style=\"margin-bottom: 8px\">OPCF - PRODUTTORI CAMPANIA FELIX<\/span>\n\t\t<h3 class=\"qodef-m-title\" >\n\t\t\t\t\tTERRITORIO\t\t\t<\/h3>\n\t\t<\/div>\n\t\t<\/div>\n\t\t\t\t<\/div>\n\t\t\t\t\t<\/div>\n\t\t<\/div>\n\t\t\t\t\t<\/div>\n\t\t<\/section>\n\t\t\t\t<section class=\"elementor-section elementor-top-section elementor-element elementor-element-8f286db elementor-section-full_width elementor-reverse-mobile elementor-section-height-default elementor-section-height-default qodef-elementor-content-no\" data-id=\"8f286db\" data-element_type=\"section\">\n\t\t\t\t\t\t<div class=\"elementor-container elementor-column-gap-default\">\n\t\t\t\t\t<div class=\"elementor-column elementor-col-50 elementor-top-column elementor-element elementor-element-d7b337c\" data-id=\"d7b337c\" data-element_type=\"column\">\n\t\t\t<div class=\"elementor-widget-wrap elementor-element-populated\">\n\t\t\t\t\t\t<div class=\"elementor-element elementor-element-2f41a7d elementor-widget__width-initial elementor-widget-tablet__width-inherit elementor-widget elementor-widget-bottanika_core_section_title\" data-id=\"2f41a7d\" data-element_type=\"widget\" data-widget_type=\"bottanika_core_section_title.default\">\n\t\t\t\t<div class=\"elementor-widget-container\">\n\t\t\t<div class=\"qodef-shortcode qodef-m  qodef-section-title qodef-alignment--left\">\n\t\t\t\t\t<p class=\"qodef-m-text\" style=\"margin-top: 12px;color: #6B6B6B\">Organizzazione di Produttori Campania Felix fa parte dell\u2019Agro Caleno la pi\u00f9 vasta pianura in Campania, compresa tra i fiumi Garigliano e Volturno e parte integrante del settore nordoccidentale della Provincia di Caserta. Tale piana \u00e8 generata dai depositi piroclastici e vulcanici provenienti dai Campi Flegrei e dal Roccamonfina, nonch\u00e9 dai depositi detritici di natura carbonatica provenienti dai versanti occidentali dei rilievi montuosi casertani, a causa dell\u2019intensa erosione prodotta dal dilavamento delle acque di ruscellamento. I Comuni che fanno arte dell\u2019Agro Caleno sono Calvi Risorta, Camigliano , Francolise, Sparanise, Giano Vetusto, Pastorano, Pignataro Maggiore, Rocchetta e Croce.<\/p>\n<\/div>\n\t\t<\/div>\n\t\t\t\t<\/div>\n\t\t\t\t\t<\/div>\n\t\t<\/div>\n\t\t\t\t<div class=\"elementor-column elementor-col-50 elementor-top-column elementor-element elementor-element-1d2629b\" data-id=\"1d2629b\" data-element_type=\"column\">\n\t\t\t<div class=\"elementor-widget-wrap elementor-element-populated\">\n\t\t\t\t\t\t<div class=\"elementor-element elementor-element-a0e1af5 elementor-widget elementor-widget-bottanika_core_single_image\" data-id=\"a0e1af5\" data-element_type=\"widget\" data-widget_type=\"bottanika_core_single_image.default\">\n\t\t\t\t<div class=\"elementor-widget-container\">\n\t\t\t<div class=\"qodef-shortcode qodef-m  qodef-single-image qodef-layout--default qodef-appear-animation--yes qodef-animation-direction--right qodef-parallax-animation--no\" data-distance=\"50\" data-smoothness=\"60\">\n\t<div class=\"qodef-m-image\">\n\t\t\t<img loading=\"lazy\" decoding=\"async\" width=\"680\" height=\"365\" src=\"https:\/\/www.opcf.it\/wp-content\/uploads\/2024\/01\/immagine-cales-agro-caleno.jpeg\" class=\"attachment-full size-full\" alt=\"\" \/>\t<\/div>\n<\/div>\n\t\t<\/div>\n\t\t\t\t<\/div>\n\t\t\t\t\t<\/div>\n\t\t<\/div>\n\t\t\t\t\t<\/div>\n\t\t<\/section>\n\t\t<div class=\"elementor-element elementor-element-e966f89 e-con-full elementor-hidden-tablet elementor-hidden-mobile e-flex e-con e-parent\" data-id=\"e966f89\" data-element_type=\"container\" data-settings=\"{&quot;content_width&quot;:&quot;full&quot;,&quot;background_background&quot;:&quot;classic&quot;}\" data-core-v316-plus=\"true\">\n\t\t\t\t<\/div>\n\t\t\t\t<\/div>\n\t\t","protected":false},"excerpt":{"rendered":"<p>OPCF &#8211; PRODUTTORI CAMPANIA FELIX CHI SIAMO L\u2019Organizzazione di Produttori Campania Felix \u00e8 stata costituita nell\u2019anno 2007 per iniziativa di produttori situati nell\u2019 areale dell\u2019intera Provincia di Caserta. Dalle caratteristiche produttive e dalla tipologia dei prodotti offerti emerge che il comparto del fresco ha rappresentato il core-business; tale vocazione scaturisce dalla storia e dalla tipologia [&hellip;]<\/p>\n","protected":false},"author":1,"featured_media":0,"parent":0,"menu_order":0,"comment_status":"closed","ping_status":"closed","template":"page-full-width.php","meta":{"footnotes":""},"_links":{"self":[{"href":"https:\/\/www.opcf.it\/index.php\/wp-json\/wp\/v2\/pages\/2697"}],"collection":[{"href":"https:\/\/www.opcf.it\/index.php\/wp-json\/wp\/v2\/pages"}],"about":[{"href":"https:\/\/www.opcf.it\/index.php\/wp-json\/wp\/v2\/types\/page"}],"author":[{"embeddable":true,"href":"https:\/\/www.opcf.it\/index.php\/wp-json\/wp\/v2\/users\/1"}],"replies":[{"embeddable":true,"href":"https:\/\/www.opcf.it\/index.php\/wp-json\/wp\/v2\/comments?post=2697"}],"version-history":[{"count":0,"href":"https:\/\/www.opcf.it\/index.php\/wp-json\/wp\/v2\/pages\/2697\/revisions"}],"wp:attachment":[{"href":"https:\/\/www.opcf.it\/index.php\/wp-json\/wp\/v2\/media?parent=2697"}],"curies":[{"name":"wp","href":"https:\/\/api.w.org\/{rel}","templated":true}]}}